 - 2 = 0. Suppose -3*j + 4*j - p = 0. Suppose -j = -3*d + 2*d. What is the remainder when d is divided by 2?
0
Suppose 0 = -z + 1 + 10. Suppose -24 + 75 = 3*j. What is the remainder when j + 4 + 2 + -3 is divided by z?
9
Let c(y) = 0 + 4*y**2 + 0 + 2 - y**3 - 3*y. Let t be c(3). Suppose b - t*n = 13, 0 = -4*n + n - 12. Calculate the remainder when 17 is divided by b.
2
Suppose 4*r - 4*z + 192 = 0, -2*r = 2*z + 2*z + 102. Suppose 168 - 48 = -4*g. Let i = g - r. Calculate the remainder when i is divided by 10.
9
Suppose -w + 3*y = -0*y - 59, -3*w - 3*y + 153 = 0. What is the remainder when w is divided by 6*(-6 - 0)/(-2)?
17
Let k = 110 - 33. Calculate the remainder when k is divided by 27.
23
Suppose 5*g + 4*n + 2 = 0, g - 1 = n + 4. What is the remainder when g is divided by 1?
0
Let z be 2/2 + 1 + -1. Calculate the remainder when 21*z - (1 - -1) is divided by ((-95)/15 + 3)/((-1)/3).
9
Let y = 50 - 26. Suppose u = -5*d - 4*u + 30, -2*d = -4*u - y. What is the remainder when 21 is divided by d?
5
Let p be (18/8)/((-3)/(-8)). Suppose y - p = -y. Suppose o + 5*r - 78 = -3*o, y*o = r + 49. What is the remainder when o is divided by 9?
8
Let w = -39 - -74. Suppose -5*j = -5*v + 25, 3*j - 17 - 8 = -5*v. Let z(i) = i**3 - 4*i**2 - 4*i + 4. Calculate the remainder when w is divided by z(v).
8
Let z = 34 - 13. Let p(u) = -u + 1. Let t be p(-3). Suppose -t*l + 34 = -10. What is the remainder when z is divided by l?
10
Suppose -4*d + 65 = -3*d. Calculate the remainder when d is divided by 22.
21
Suppose 8 = -2*o + 3*v, -3*o - 5*v + 5 = -2. Let k(u) = 9*u**2 - 2*u - 1. Calculate the remainder when 186/10 + 4/10 is divided by k(o).
9
Suppose -4*x - 5*x = -243. Let l(s) = s**3 - 8*s**2 + 8*s + 8. Calculate the remainder when x is divided by l(7).
12
Let h(m) = -3*m. Suppose -3*y + 2*c - 3*c + 20 = 0, 4*c = y + 2. Calculate the remainder when h(-5) is divided by y.
3
Suppose -2*i + 42 = 2*x, -22 - 26 = -2*i + x. Suppose 2*b + 4*d - 14 - 14 = 0, -d - 23 = -2*b. Calculate the remainder when i is divided by b.
11
Suppose -2*w - 2*h + 30 = 0, -9*w + 57 = -5*w + 5*h. Let o = -94 + 147. Calculate the remainder when o is divided by w.
17
Let f(a) = -a**3 + 12*a**2 + 16*a - 12. Calculate the remainder when f(13) is divided by 15.
12
Let g = 2 + -3. Let i(m) = 0*m + 2 - 3 - 14*m. Calculate the remainder when 25 is divided by i(g).
12
Let s(g) = 2*g - 3. Calculate the remainder when s(11) is divided by 7.
5
Let t = 31 + -18. Calculate the remainder when 24 is divided by t.
11
Let r = 39 + -12. What is the remainder when 103 is divided by r?
22
Let q = 1 - -1. Suppose -q*f = f + g - 32, -3*f - 5*g + 16 = 0. What is the remainder when 23 is divided by f?
11
Suppose 0*d - 30 = -3*d. What is the remainder when 39 is divided by d?
9
What is the remainder when 43 is divided by ((-4)/6 - 3)*-6?
21
Suppose -29 = -r - 2*r - 2*s, 0 = r - 3*s - 17. Calculate the remainder when 30 is divided by r.
8
What is the remainder when 33 is divided by (-1)/(((-12)/(-51))/(-4))?
16
Suppose m + 2*m = 6. Suppose 2*x = 4*g + 5*x - 127, -3*g - 5*x = -87. Calculate the remainder when g is divided by (-89)/(-5) - m/(-10).
16
Let g = 6 + 0. Let f = -26 + 32. What is the remainder when 5/((-15)/g) + 12 is divided by f?
4
Let m(j) = 27*j**2 - 5*j. Let k(b) = 242*b**2 - 44*b. Suppose 4*p - 6*p - 88 = 0. Let t(g) = p*m(g) + 5*k(g). What is the remainder when t(-1) is divided by 8?
6
Let h(l) = -l**3 + 10*l**2 - 9*l + 2. Let b(x) = -x + 1. Let p(d) = -2*b(d) - h(d). Calculate the remainder when p(9) is divided by 8.
6
Suppose 3*q + 5*v + 7 = 0, -3*v = -q - 8 + 1. Calculate the remainder when 17 is divided by -1*8/q*5.
7
Let x = 4 - -9. Let i = 35 + -12. Calculate the remainder when i is divided by x.
10
Let w(t) = -t + 4. Let l be w(10). Let b = 0 - l. What is the remainder when 1/((-24)/(-22) + -1) is divided by b?
5
Let h(i) = -i**2 + 7*i. Suppose -5 = -4*y + 3. Calculate the remainder when h(6) is divided by y.
0
Let o(c) be the third derivative of c**5/60 + 2*c**3/3 + 2*c**2. What is the remainder when 37 is divided by o(-3)?
11
Let l(t) = -4*t + 5*t - 1 + 3*t - 5*t. What is the remainder when l(-7) is divided by 4?
2
Let z be 0 - 1*1*-4. Suppose -t = -5*u + 26 - 9, 0 = -5*t + u - 13. Let n = z + t. What is the remainder when n is divided by 1?
0
Let h be (-2)/(1/(-2)*2). Suppose -2*c - 2 = 3*d, -4*c = d - 3 - 3. Suppose h*i + c*i = 212. What is the remainder when i is divided by 18?
17
Suppose 3*l = 4*z + 431, -672 + 60 = -4*l - 4*z. What is the remainder when l is divided by 30?
29
Let c(i) = -16*i - 19. What is the remainder when 87 is divided by c(-4)?
42
Let o(m) = m**3 + 8*m**2 + 10. Suppose -2*y - 16 = -0*y. What is the remainder when 18 is divided by o(y)?
8
Calculate the remainder when (1/(-2))/(5/(-650)) is divided by 22.
21
Let v = 51 + 13. Let a = -23 + v. What is the remainder when a is divided by 14?
13
Let m(v) = -179*v**3 + v + 1. What is the remainder when m(-1) is divided by 13?
10
Let c = -53 + 29. Let l = 159 + -112. Calculate the remainder when l is divided by 34/3 - 16/c.
11
Let o = -12 - -18. Let f be (-105)/28*(-32)/o. Let m = f - 13. Calculate the remainder when 13 is divided by m.
6
Let v = 134 - 100. What is the remainder when v is divided by 10?
4
Let s = 6 + -3. Suppose -5 = -3*a - 2. Let z = 1 + a. What is the remainder when s is divided by z?
1
Suppose 0 = -3*j + 9 + 30. Calculate the remainder when (1 + -1 + -50)*-1 is divided by j.
11
Let z = 37 - -12. Calculate the remainder when z is divided by 17.
15
Calculate the remainder when 65 is divided by 3/((-6)/176*-4).
21
Suppose -4*p - 510 = -5*q - 5*p, 510 = 5*q - p. What is the remainder when q is divided by 26?
24
Suppose -3*g = 5*y - 13, 5*y + 0*y - 15 = -5*g. Suppose y*q = -4 + 6. Calculate the remainder when 3 is divided by q.
0
Let w(a) = 4*a**2 + 1. Suppose -2*z = -5*x - 83, 154 + 1 = 4*z + x. Suppose -n + 4*n = z. What is the remainder when n is divided by w(-1)?
3
Let c = 10 + -14. Calculate the remainder when ((-8)/c)/(1/2) is divided by 2.
0
Let s(x) = x**2 + 7*x + 5. Let l be s(-4). Let h = l + 24. Suppose 0 = 4*v + 3*n - 202, 0*n = -5*v - 5*n + 255. What is the remainder when v is divided by h?
15
Let k(d) = 40*d - 7. Calculate the remainder when k(2) is divided by 15.
13
Let g(x) = 1 + 2 - x**2 - 4 + 7*x. Let c be g(5). Calculate the remainder when 58 is divided by 133/c + (-2)/(-9).
13
Let r(p) = p**2 + 2*p - 3. Let q = 17 + -22. Calculate the remainder when 43 is divided by r(q).
7
Calculate the remainder when 52 is divided by 4/8 - (-54)/4.
10
Let g(t) be the second derivative of -4*t**3 - 2*t**2 - 2*t. Let f be g(3). Let c = f - -106. Calculate the remainder when c is divided by 16.
14
Calculate the remainder when 10/(4/18 - 0) is divided by 13.
6
Suppose -t = -3*t. Suppose -15 = -3*h, t*g + h + 1 = g. Let d(v) = v**3 - 8*v**2 + v + 9. What is the remainder when d(8) is divided by g?
5
Suppose 0 = 4*i - 137 - 11. What is the remainder when 72 is divided by i?
35
Suppose 44 = 4*q - 5*r, -5*r - 11 = 9. Suppose -o + 14 = -q. Let h = 1 + 6. What is the remainder when o is divided by h?
6
Suppose 0 = -3*x + 12, 6*d - 2*d - 3*x - 120 = 0. Suppose -4*u + b = -141, 2*u - u + 2*b = d. What is the remainder when u is divided by 18?
17
Let x be ((-15)/(-6))/((-3)/42). Let p = x - -60. Calculate the remainder when p is divided by 9.
7
Calculate the remainder when ((-189)/3)/(-3) - (-7 - -9) is divided by 5.
4
Let k = 38 + 33. Suppose a - 4*g = 22, -3*g + 4*g - k = -2*a. What is the remainder when a is divided by 7?
6
Let v = 11 - 9. Suppose -v*o = o - 90. Calculate the remainder when 58 is divided by o.
28
Let j(a) = -a**3 - 9*a**2 - 10*a - 1. Let h(i) = 14*i + 2. Calculate the remainder when h(3) is divided by j(-8).
14
Let x(w) = 18*w**3 - w**2 + 2*w. Calculate the remainder when x(1) is divided by 10.
9
Suppose -b + 6 = 4*c - 23, 5*b = -2*c + 19. Let u(n) = -n**3 - 6*n**2 - n - 3. Let d = -16 + 10. Calculate the remainder when c is divided by u(d).
1
Let p = -13 - -22. Suppose 0 = 5*r - 4*z - 0*z - 130, 130 = 5*r - 5*z. What is the remainder when r is divided by p?
8
Let q(r) = 11*r**2 + 1. Let a = -3 + 2. Calculate the remainder when 34 is divided by q(a).
10
Let h = -6 + 50. What is the remainder whe